common factor of 15094534 and 9653.
1379
Calculate the highest common factor of 46977 and 37569.
21
What is the greatest common divisor of 962 and 573648?
74
Calculate the highest common divisor of 278 and 97291660.
278
What is the greatest common divisor of 17149485 and 60?
15
Calculate the greatest common divisor of 77672180 and 107540.
5660
Calculate the highest common divisor of 1038326751 and 198.
99
Calculate the greatest common divisor of 1271781 and 945.
189
What is the highest common divisor of 73063517 and 369?
41
Calculate the highest common factor of 11171433 and 15704.
1963
Calculate the greatest common factor of 2575351198 and 14.
14
What is the greatest common factor of 16 and 153650024?
8
What is the highest common factor of 3482367 and 1218?
21
What is the highest common factor of 101440 and 125840?
80
Calculate the highest common factor of 372706 and 68686.
1126
Calculate the greatest common divisor of 13755552 and 3.
3
What is the highest common factor of 2510682 and 192?
6
Calculate the highest common factor of 1147655 and 9105.
5
What is the greatest common divisor of 3700 and 79900?
100
Calculate the greatest common divisor of 4979 and 9014671.
383
What is the greatest common factor of 1014 and 27560?
26
Calculate the highest common divisor of 117009 and 2205.
9
Calculate the highest common factor of 1108 and 29664484.
1108
What is the greatest common divisor of 45 and 145519965?
45
Calculate the highest common divisor of 116 and 6131209.
29
Calculate the greatest common divisor of 1719500 and 526167.
3439
What is the greatest common factor of 74969 and 13571847?
1229
Calculate the highest common factor of 37739684 and 14972.
788
What is the greatest common divisor of 192 and 726080?
64
What is the greatest common divisor of 2364110 and 4830?
70
What is the greatest common factor of 5311 and 162479?
47
What is the greatest common factor of 92 and 585804?
4
Calculate the greatest common factor of 6895848 and 24.
24
Calculate the greatest common divisor of 24022272 and 57.
3
What is the highest common divisor of 58770463 and 3587?
211
What is the greatest common divisor of 2993 and 38588749?
2993
Calculate the greatest common divisor of 160909 and 22225.
889
What is the highest common divisor of 95425 and 32450?
275
Calculate the greatest common divisor of 99712 and 537510.
1558
Calculate the greatest common factor of 5978 and 1419592.
122
Calculate the greatest common factor of 1014 and 20498712.
78
What is the greatest common divisor of 4360292 and 865?
173
What is the greatest common factor of 27 and 11639133?
27
Calculate the greatest common factor of 14 and 1797470.
2
What is the greatest common factor of 120 and 778840?
40
What is the highest common factor of 1641468 and 1332?
444
Calculate the greatest common divisor of 122546 and 303738.
142
Calculate the greatest common divisor of 7246 and 109809507.
3623
What is the highest common divisor of 1195311 and 52?
13
What is the greatest common factor of 37296 and 28183680?
1008
Calculate the greatest common divisor of 12607257 and 31557.
471
Calculate the greatest common divisor of 4985 and 681215205.
4985
Calculate the greatest common divisor of 1113 and 260599728.
159
What is the highest common divisor of 511886 and 30325?
1213
What is the greatest common divisor of 1036 and 28592046?
518
What is the greatest common divisor of 31706 and 349148?
382
Calculate the highest common factor of 3110 and 280400.
10
Calculate the highest common divisor of 11415910 and 51011.
1759
What is the highest common factor of 21630 and 178290?
210
Calculate the highest common factor of 32030224 and 32.
16
What is the highest common factor of 5880 and 38256?
24
What is the highest common divisor of 2403 and 3036591?
801
Calculate the highest common divisor of 386459752 and 16884.
1876
What is the highest common divisor of 1818 and 257388198?
606
Calculate the greatest common divisor of 508160 and 96868.
1588
What is the highest common divisor of 45320774 and 40742?
3134
Calculate the highest common divisor of 1884 and 578752554.
942
Calculate the greatest common divisor of 3445 and 5559541.
689
Calculate the highest common divisor of 225777 and 4617.
57
What is the greatest common divisor of 2326 and 37352071?
1163
What is the greatest common divisor of 176 and 149721264?
176
What is the greatest common factor of 27240 and 68520?
120
Calculate the highest common divisor of 920 and 1294540.
20
Calculate the greatest common factor of 33774 and 115050.
78
Calculate the highest common factor of 8980 and 1029112490.
4490
Calculate the greatest common divisor of 17123481 and 9477.
729
Calculate the highest common factor of 158373 and 396.
9
Calculate the greatest common factor of 1053 and 11462634.
81
What is the greatest common divisor of 1474 and 3082804?
134
Calculate the highest common divisor of 56 and 1007762.
14
Calculate the highest common factor of 1791192 and 1404.
156
Calculate the greatest common divisor of 4107813 and 6.
3
Calculate the greatest common divisor of 411635806 and 402.
134
What is the greatest common factor of 346382 and 1?
1
What is the highest common divisor of 5149 and 2458961?
19
What is the greatest common divisor of 72 and 12361896?
72
Calculate the highest common divisor of 405 and 17554968.
81
Calculate the highest common divisor of 1983882 and 781.
71
Calculate the greatest common factor of 6940654 and 1330.
14
What is the highest common factor of 2827694 and 17024?
38
Calculate the highest common factor of 4 and 370913826.
2
What is the greatest common divisor of 26367 and 3399?
33
Calculate the greatest common factor of 83509 and 211.
1
Calculate the highest common factor of 406596506 and 758.
758
What is the greatest common factor of 6072 and 155544?
24
Calculate the highest common factor of 37765440 and 846.
846
Calculate the highest common divisor of 14014 and 1341494.
154
What is the highest common divisor of 75485875 and 746?
373
Calculate the greatest common factor of 44354838 and 44.
22
What is the greatest common divisor of 10651228 and 84?
28
What is the greatest common factor of 2980554476 and 1084?
1084
What is the greatest common divisor of 1392662 and 63650?
2546
What is the highest common divisor of 11598 and 7122?
6
What is the highest common divisor of 253888490 and 69?
23
Calculate the highest common factor of 14710769 and 95893.
1957
Calculate the highest common divisor of 108733670 and 430.
430
What is the greatest common factor of 30 and 54787155?
15
What is the greatest common divisor of 49535205 and 46752?
1461
Calculate the highest common divisor of 40905 and 16452720.
405
Calculate the highest common divisor of 10262 and 25492274.
1466
What is the highest common divisor of 5367150572 and 1511?
1511
Calculate the highest common divisor of 28496 and 2423512.
104
What is the highest common divisor of 279 and 50865141?
93
Calculate the highest common factor of 4675220 and 550.
110
What is the highest common factor of 555702345 and 13626?
6813
What is the highest common divisor of 342081 and 306?
9
Calculate the highest common divisor of 714660 and 79980.
2580
Calculate the greatest common factor of 385320 and 3467204.
676
What is the highest common divisor of 12 and 57763170?
6
Calculate the highest common factor of 1828883 and 152.
19
What is the greatest common divisor of 32942 and 8561?
7
What is the greatest common factor of 371698987 and 8591?
781
What is the highest common divisor of 24552 and 47063456?
2728
What is the highest common divisor of 68421418 and 26?
26
Calculate the highest common divisor of 3515680 and 1260.
140
Calculate the greatest common factor of 4 and 1404758.
2
What is the greatest common divisor of 2390742 and 117?
9
What is the greatest common divisor of 164 and 1046864?
4
What is the highest common factor of 1570216 and 344?
8
Calculate the greatest common divisor of 14 and 73240776.
14
Calculate the highest common factor of 128 and 62338560.
128
Calculate the highest common divisor of 201896 and 2248.
8
Calculate the highest common divisor of 50 and 190112210.
10
What is the highest common divisor of 1413328 and 288?
16
What is the greatest common divisor of 3522 and 58693543?
587
Calculate the greatest